oes 2849 divide 234622276?
False
Is 8 a factor of 123953878?
False
Is 687114100 a multiple of 50?
True
Is 6 a factor of 1036696558?
False
Is 198095550 a multiple of 6?
True
Is 2116355405 a multiple of 39?
False
Is 1740810168 a multiple of 24?
True
Is 43131672 a multiple of 123?
True
Does 422 divide 27159920?
True
Does 484 divide 975165136?
True
Does 42 divide 124351290?
True
Does 3685 divide 1526154905?
False
Does 2822 divide 526108282?
True
Is 261421082 a multiple of 749?
False
Is 13602380 a multiple of 374?
True
Is 461 a factor of 20877307?
True
Is 841717708 a multiple of 21?
False
Does 31 divide 230748368?
False
Is 79800144 a multiple of 3?
True
Is 51 a factor of 127983225?
True
Does 768 divide 249266688?
True
Is 2839248 a multiple of 1941?
False
Does 8953 divide 807265151?
True
Is 103082011 a multiple of 19?
True
Does 8 divide 40257528?
True
Does 84 divide 262454113?
False
Does 59 divide 31860295?
True
Is 93770078 a multiple of 11?
False
Does 157 divide 270240960?
True
Is 937 a factor of 17579464?
False
Is 135612819 a multiple of 69?
False
Does 1687 divide 70789894?
True
Is 1741821030 a multiple of 54?
True
Does 51 divide 8394312?
False
Is 2 a factor of 96001029?
False
Is 729 a factor of 2246737855?
False
Is 718 a factor of 10998324?
True
Does 11 divide 80712464?
False
Does 21 divide 93380502?
False
Is 307 a factor of 102591725?
True
Does 903 divide 27987940?
False
Is 16 a factor of 2848178?
False
Is 38 a factor of 72403386?
False
Is 115 a factor of 197144155?
True
Is 10877412 a multiple of 52?
True
Does 37 divide 125594807?
False
Does 10 divide 660287870?
True
Is 53 a factor of 13981117?
False
Is 648 a factor of 135635472?
True
Does 48 divide 32981424?
True
Does 116 divide 123040968?
True
Does 236 divide 67698252?
True
Does 66 divide 43843404?
True
Is 103 a factor of 5207067562?
True
Is 4366736500 a multiple of 20?
True
Does 1126 divide 731266062?
True
Does 9204 divide 299605694?
False
Does 612 divide 92957300?
False
Does 763 divide 38559163?
False
Does 3059 divide 187244128?
False
Is 6 a factor of 467618624?
False
Is 659400994 a multiple of 150?
False
Is 689 a factor of 29885375?
True
Does 38 divide 11981324?
True
Is 464 a factor of 52529904?
True
Is 2132890741 a multiple of 38?
False
Is 10 a factor of 4152011?
False
Is 28960302 a multiple of 7?
True
Does 2 divide 190256595?
False
Does 20 divide 32786628?
False
Is 55368678 a multiple of 874?
False
Is 302294190 a multiple of 5685?
True
Is 79435038 a multiple of 89?
False
Is 982882800 a multiple of 3760?
True
Is 120 a factor of 1666150154?
False
Is 1034 a factor of 25423938?
False
Is 692624126 a multiple of 78?
False
Is 95 a factor of 540997640?
True
Does 18 divide 246610116?
True
Is 373 a factor of 27874678?
False
Does 18 divide 2162740842?
True
Is 43601494 a multiple of 4?
False
Is 2302867634 a multiple of 17?
True
Is 21 a factor of 1227219499?
False
Is 86 a factor of 21716557?
False
Is 435 a factor of 18216495?
True
Does 414 divide 401135845?
False
Is 15636390 a multiple of 1078?
True
Does 413 divide 7703882?
False
Is 642743460 a multiple of 503?
True
Is 4 a factor of 865171207?
False
Does 14 divide 53669657?
False
Does 114 divide 604157877?
False
Is 678402122 a multiple of 182?
False
Is 4710590 a multiple of 202?
False
Is 133 a factor of 692064952?
False
Does 4064 divide 439842656?
True
Is 1434 a factor of 119244326?
False
Is 6 a factor of 151584813?
False
Is 6 a factor of 56800442?
False
Is 7 a factor of 26965659?
True
Is 1451132294 a multiple of 122?
True
Is 3991536 a multiple of 48?
True
Is 47231454 a multiple of 38?
True
Is 56 a factor of 17601291?
False
Is 3867612 a multiple of 164?
True
Is 124 a factor of 13831456?
True
Does 23 divide 119469199?
True
Is 235764447 a multiple of 7?
False
Is 29 a factor of 3824309?
False
Is 671 a factor of 8997439?
True
Is 112 a factor of 1803135?
False
Is 8 a factor of 466811?
False
Does 210 divide 734641470?
False
Is 9 a factor of 6325956?
True
Does 13 divide 663426718?
False
Is 3881285281 a multiple of 13?
False
Does 1110 divide 1924323750?
True
Is 6605 a factor of 621008943?
False
Is 41 a factor of 32704356?
False
Is 3298662717 a multiple of 4151?
True
Is 660537145 a multiple of 13?
False
Does 22 divide 1086947510?
True
Is 37083307 a multiple of 241?
False
Is 138175520 a multiple of 14?
True
Is 98 a factor of 175200676?
True
Does 268 divide 214365696?
True
Is 910178334 a multiple of 86?
True
Does 65 divide 16608280?
True
Is 85 a factor of 96432585?
True
Is 34 a factor of 4213144?
True
Does 338 divide 97434772?
False
Does 411 divide 39878097?
True
Is 8 a factor of 23759564?
False
Does 83 divide 288597796?
False
Is 119935474 a multiple of 1717?
False
Is 306 a factor of 438501978?
True
Is 5444488 a multiple of 5?
False
Does 41 divide 2189385404?
True
Is 17 a factor of 717589856?
True
Is 5326857 a multiple of 1061?
False
Is 4677064 a multiple of 3?
False
Does 1624 divide 97975920?
True
Is 3 a factor of 2437100?
False
Does 8 divide 12909808?
True
Does 3454 divide 1361870224?
False
Is 44098431 a multiple of 253?
False
Does 4471 divide 1504062284?
True
Is 469 a factor of 211530084?
False
Is 1194134707 a multiple of 37?
True
Does 19 divide 50651929?
True
Is 324 a factor of 290119932?
False
Does 240 divide 754058755?
False
Is 931 a factor of 497488534?
False
Is 38060 a multiple of 110?
True
Does 1033 divide 146209976?
False
Is 12 a factor of 41834400?
True
Is 206331261 a multiple of 867?
True
Does 6 divide 438031425?
False
Does 6 divide 406496334?
True
Is 11474 a factor of 5091171795?
False
Is 107269022 a multiple of 133?
True
Does 12 divide 395863?
False
Is 761035 a multiple of 46?
False
Is 2276403919 a multiple of 752?
False
Is 10 a factor of 1025448518?
False
Does 380 divide 155149702?
False
Is 1630 a factor of 48714180?
True
Is 28414941 a multiple of 307?
False
Does 617 divide 33101433?
True
Is 1973039094 a multiple of 26?
True
Is 731606 a multiple of 24?
False
Does 628 divide 3704581891?
False
Does 12891 divide 6138977802?
True
Is 1019136144 a multiple of 26?
True
Is 1334 a factor of 3087497644?
True
Does 78 divide 308178692?
False
Is 27 a factor of 72938502?
True
Is 313741783 a multiple of 67?
False
Is 4579 a factor of 523278962?
True
Is 23 a factor of 434354218?
True
Is 24 a factor of 17367324?
False
Does 65 divide 301761720?
True
Does 9 divide 2428785?
True
Is 274 a factor of 14060145?
False
Is 6186 a factor of 2250404940?
True
Is 3881 a factor of 41289959?
True
Is 2969 a factor of 299253?
False
Is 5 a factor of 784312085?
True
Is 186344353 a multiple of 30?
False
Is 295026925 a multiple of 2215?
True
Is 8679780 a multiple of 60?
True
Is 15 a factor of 210056569?
False
Is 266974255 a multiple of 1973?
False
Is 352 a factor of 297489984?
True
Does 27 divide 8308586?
False
Does 386 divide 405227432?
True
Is 3083675 a multiple of 35?
True
Does 674 divide 9941713?
False
Is 24774668 a multiple of 33?
False
Does 558 divide 4244706?
True
Is 11953394 a multiple of 16?
False
Is 98 a factor of 37166206?
True
Is 6629525 a multiple of 25?
True
Is 2355593457 a multiple of 10?
False
Does 235 divide 260865439?
False
Is 17 a factor of 50686010?
True
Is 1113 a factor of 28796649?
True
Is 252464093 a multiple of 1906?
False
Does 12 divide 1679372364?
True
Is 779328 a multiple of 87?
False
Does 6 divide 34283616?
True
Is 470808295 a multiple of 1332?
False
Is 36 a factor of 62378424?
True
Is 85 a factor of 171048560?
True
Is 222 a factor of 24703224?
False
Does 881 divide 11454487?
False
Is 3557478841 a multiple of 26?
False
Is 1587 a factor of 16598389?
False
Is 46 a factor of 1540569305?
False
Does 3737 divide 67635963?
True
Is 13384153 a multiple of 61?
False
Is 16 a factor of 4069020?
False
Is 74 a factor of 64038927?
False
Is 3369 a factor of 223678017?
True
Is 3948043085 a multiple of 1885?
False
Is 13 a factor of 8940608?
False
Does 19 divide 6566305?
True
Does 1967 divide 532352534?
False
Does 590 divide 156647360?
True
Is 13887 a factor of 4845935170?
False
Does 61 divide 773277419?
True
Does 146 divide 224945996?
True
Is 3161533034 a multiple of 63?
False
Is 239857341 a multiple of 59?
False
Does 43 divide 12416852?
True
Is 2262298762 a multiple of 146?
True
Is 150444590 a multiple of 2894?
True
Is 266241 a multiple of 3?
True
Is 176 a factor of 5183